{"id":245836,"date":"2023-03-17T13:38:36","date_gmt":"2023-03-17T12:38:36","guid":{"rendered":"https:\/\/quemperven.fr\/site\/?page_id=245836"},"modified":"2023-03-17T13:52:46","modified_gmt":"2023-03-17T12:52:46","slug":"mentions-legales","status":"publish","type":"page","link":"https:\/\/quemperven.fr\/site\/mentions-legales\/","title":{"rendered":"Mentions l\u00e9gales"},"content":{"rendered":"\t\t<div data-elementor-type=\"wp-page\" data-elementor-id=\"245836\" class=\"elementor elementor-245836\" data-elementor-post-type=\"page\">\n\t\t\t\t\t\t<section class=\"elementor-section elementor-top-section elementor-element elementor-element-5969962 elementor-section-boxed elementor-section-height-default elementor-section-height-default\" data-id=\"5969962\" data-element_type=\"section\" data-e-type=\"section\">\n\t\t\t\t\t\t<div class=\"elementor-container elementor-column-gap-default\">\n\t\t\t\t\t<div class=\"elementor-column elementor-col-100 elementor-top-column elementor-element elementor-element-eaef6d4\" data-id=\"eaef6d4\" data-element_type=\"column\" data-e-type=\"column\">\n\t\t\t<div class=\"elementor-widget-wrap elementor-element-populated\">\n\t\t\t\t\t\t<div class=\"elementor-element elementor-element-5b338f4 elementor-widget elementor-widget-heading\" data-id=\"5b338f4\" data-element_type=\"widget\" data-e-type=\"widget\" data-widget_type=\"heading.default\">\n\t\t\t\t<div class=\"elementor-widget-container\">\n\t\t\t\t\t<h2 class=\"elementor-heading-title elementor-size-default\">Mentions l\u00e9gales<\/h2>\t\t\t\t<\/div>\n\t\t\t\t<\/div>\n\t\t\t\t<div class=\"elementor-element elementor-element-4edff78 elementor-widget elementor-widget-text-editor\" data-id=\"4edff78\" data-element_type=\"widget\" data-e-type=\"widget\" data-widget_type=\"text-editor.default\">\n\t\t\t\t<div class=\"elementor-widget-container\">\n\t\t\t\t\t\t\t\t\t<h2>Editeur du site<\/h2><p class=\"bodytext\">Mairie de Quemperven<br \/>12 rue de la mairie<br \/>22450 Quemperven<\/p><p class=\"bodytext\">T\u00e9l : 02 96 47 05 05<\/p><h2>Directeur de la publication<\/h2><p class=\"bodytext\">M. Le maire de Quemperven<\/p><h2>Responsable de l\u2019acc\u00e8s aux documents administratifs et des questions relatives \u00e0 la r\u00e9utilisation des informations publiques<\/h2><p class=\"bodytext\">Mme Tr\u00e9mel &#8211; 02 96 47 05 05<\/p><h2>Respect de la vie priv\u00e9e<\/h2><p class=\"bodytext\">Aucune information personnelle n\u2019est collect\u00e9e \u00e0 votre insu, aucune information personnelle n\u2019est c\u00e9d\u00e9e \u00e0 des tiers, aucune information personnelle n\u2019est utilis\u00e9e \u00e0 des fins non pr\u00e9vues.<\/p><p class=\"bodytext\">Conform\u00e9ment \u00e0 la loi n\u00b0 78-17 du 6 janvier 1978, relative \u00e0 l\u2019Informatique, aux Fichiers et aux Libert\u00e9s, vous disposez d\u2019un droit d\u2019acc\u00e8s et de rectification des informations nominatives vous concernant. Vous pouvez l\u2019exercer en vous adressant \u00e0 :<\/p><p class=\"bodytext\">Mairie de Quemperven<br \/>12 rue de la mairie<br \/>22450 Quemperven<\/p><h2>Responsabilit\u00e9<\/h2><p class=\"bodytext\">Les sites reli\u00e9s directement ou indirectement au site de Quemperven ne sont pas sous son\u00a0contr\u00f4le. En cons\u00e9quence, la mairie de Quemperven d\u00e9cline toute responsabilit\u00e9 quant aux \u00a0informations publi\u00e9es sur ces sites. Le contenu des sites li\u00e9s au site de Quemperven \u00a0n\u2019engage que leurs propri\u00e9taires.<\/p><h2>H\u00e9bergeur<\/h2><p class=\"bodytext\">OVH<br \/>SAS au capital de 10 000 000 \u20ac.<br \/>Si\u00e8ge social : 2, rue Kellermann 59100 Roubaix<br \/>Tel : 08 203 203 63<\/p><p class=\"bodytext\">RCS : Roubaix \u2013 Tourcoing 424 761 419 00045<br \/>Code APE : 6202A<br \/>N\u00b0 TVA : FR 22 424 761 419<\/p><h2>Contact<\/h2><p class=\"bodytext\">Ecrire \u00e0 l\u2019administrateur : <a href=\"mailto:mairie.quemperven@wanadoo.fr\">mairie.quemperven@wanadoo.fr<\/a><\/p>\t\t\t\t\t\t\t\t<\/div>\n\t\t\t\t<\/div>\n\t\t\t\t\t<\/div>\n\t\t<\/div>\n\t\t\t\t\t<\/div>\n\t\t<\/section>\n\t\t\t\t<\/div>\n\t\t","protected":false},"excerpt":{"rendered":"<p>Mentions l\u00e9gales Editeur du site Mairie de Quemperven12 rue de la mairie22450 Quemperven T\u00e9l : 02 96 47 05 05 Directeur de la publication M. Le maire de Quemperven Responsable de l\u2019acc\u00e8s aux documents administratifs et des questions relatives \u00e0 la r\u00e9utilisation des informations publiques Mme Tr\u00e9mel &#8211; 02 96 47 05 05 Respect de [&hellip;]<\/p>\n","protected":false},"author":1,"featured_media":0,"parent":0,"menu_order":0,"comment_status":"closed","ping_status":"closed","template":"","meta":{"site-sidebar-layout":"no-sidebar","site-content-layout":"page-builder","ast-site-content-layout":"default","site-content-style":"default","site-sidebar-style":"default","ast-global-header-display":"","ast-banner-title-visibility":"","ast-main-header-display":"","ast-hfb-above-header-display":"","ast-hfb-below-header-display":"","ast-hfb-mobile-header-display":"","site-post-title":"disabled","ast-breadcrumbs-content":"","ast-featured-img":"disabled","footer-sml-layout":"","ast-disable-related-posts":"","theme-transparent-header-meta":"","adv-header-id-meta":"","stick-header-meta":"","header-above-stick-meta":"","header-main-stick-meta":"","header-below-stick-meta":"","astra-migrate-meta-layouts":"default","ast-page-background-enabled":"default","ast-page-background-meta":{"desktop":{"background-color":"var(--ast-global-color-4)","background-image":"","background-repeat":"repeat","background-position":"center center","background-size":"auto","background-attachment":"scroll","background-type":"","background-media":"","overlay-type":"","overlay-color":"","overlay-opacity":"","overlay-gradient":""},"tablet":{"background-color":"","background-image":"","background-repeat":"repeat","background-position":"center center","background-size":"auto","background-attachment":"scroll","background-type":"","background-media":"","overlay-type":"","overlay-color":"","overlay-opacity":"","overlay-gradient":""},"mobile":{"background-color":"","background-image":"","background-repeat":"repeat","background-position":"center center","background-size":"auto","background-attachment":"scroll","background-type":"","background-media":"","overlay-type":"","overlay-color":"","overlay-opacity":"","overlay-gradient":""}},"ast-content-background-meta":{"desktop":{"background-color":"var(--ast-global-color-5)","background-image":"","background-repeat":"repeat","background-position":"center center","background-size":"auto","background-attachment":"scroll","background-type":"","background-media":"","overlay-type":"","overlay-color":"","overlay-opacity":"","overlay-gradient":""},"tablet":{"background-color":"var(--ast-global-color-5)","background-image":"","background-repeat":"repeat","background-position":"center center","background-size":"auto","background-attachment":"scroll","background-type":"","background-media":"","overlay-type":"","overlay-color":"","overlay-opacity":"","overlay-gradient":""},"mobile":{"background-color":"var(--ast-global-color-5)","background-image":"","background-repeat":"repeat","background-position":"center center","background-size":"auto","background-attachment":"scroll","background-type":"","background-media":"","overlay-type":"","overlay-color":"","overlay-opacity":"","overlay-gradient":""}},"jetpack_post_was_ever_published":false,"footnotes":""},"class_list":["post-245836","page","type-page","status-publish","hentry"],"jetpack_sharing_enabled":true,"_links":{"self":[{"href":"https:\/\/quemperven.fr\/site\/wp-json\/wp\/v2\/pages\/245836","targetHints":{"allow":["GET"]}}],"collection":[{"href":"https:\/\/quemperven.fr\/site\/wp-json\/wp\/v2\/pages"}],"about":[{"href":"https:\/\/quemperven.fr\/site\/wp-json\/wp\/v2\/types\/page"}],"author":[{"embeddable":true,"href":"https:\/\/quemperven.fr\/site\/wp-json\/wp\/v2\/users\/1"}],"replies":[{"embeddable":true,"href":"https:\/\/quemperven.fr\/site\/wp-json\/wp\/v2\/comments?post=245836"}],"version-history":[{"count":0,"href":"https:\/\/quemperven.fr\/site\/wp-json\/wp\/v2\/pages\/245836\/revisions"}],"wp:attachment":[{"href":"https:\/\/quemperven.fr\/site\/wp-json\/wp\/v2\/media?parent=245836"}],"curies":[{"name":"wp","href":"https:\/\/api.w.org\/{rel}","templated":true}]}}

Mentions légales

<div data-elementor-type="wp-page" data-elementor-id="245836" class="elementor elementor-245836" data-elementor-post-type="page">
						<section class="elementor-section elementor-top-section elementor-element elementor-element-5969962 elementor-section-boxed elementor-section-height-default elementor-section-height-default" data-id="5969962" data-element_type="section" data-e-type="section">
						<div class="elementor-container elementor-column-gap-default">
					<div class="elementor-column elementor-col-100 elementor-top-column elementor-element elementor-element-eaef6d4" data-id="eaef6d4" data-element_type="column" data-e-type="column">
			<div class="elementor-widget-wrap elementor-element-populated">
						<div class="elementor-element elementor-element-5b338f4 elementor-widget elementor-widget-heading" data-id="5b338f4" data-element_type="widget" data-e-type="widget" data-widget_type="heading.default">
				<div class="elementor-widget-container">
					<h2 class="elementor-heading-title elementor-size-default">Mentions légales</h2>				</div>
				</div>
				<div class="elementor-element elementor-element-4edff78 elementor-widget elementor-widget-text-editor" data-id="4edff78" data-element_type="widget" data-e-type="widget" data-widget_type="text-editor.default">
				<div class="elementor-widget-container">
									<h2>Editeur du site</h2><p class="bodytext">Mairie de Quemperven<br />12 rue de la mairie<br />22450 Quemperven</p><p class="bodytext">Tél : 02 96 47 05 05</p><h2>Directeur de la publication</h2><p class="bodytext">M. Le maire de Quemperven</p><h2>Responsable de l’accès aux documents administratifs et des questions relatives à la réutilisation des informations publiques</h2><p class="bodytext">Mme Trémel &#8211; 02 96 47 05 05</p><h2>Respect de la vie privée</h2><p class="bodytext">Aucune information personnelle n’est collectée à votre insu, aucune information personnelle n’est cédée à des tiers, aucune information personnelle n’est utilisée à des fins non prévues.</p><p class="bodytext">Conformément à la loi n° 78-17 du 6 janvier 1978, relative à l’Informatique, aux Fichiers et aux Libertés, vous disposez d’un droit d’accès et de rectification des informations nominatives vous concernant. Vous pouvez l’exercer en vous adressant à :</p><p class="bodytext">Mairie de Quemperven<br />12 rue de la mairie<br />22450 Quemperven</p><h2>Responsabilité</h2><p class="bodytext">Les sites reliés directement ou indirectement au site de Quemperven ne sont pas sous son contrôle. En conséquence, la mairie de Quemperven décline toute responsabilité quant aux  informations publiées sur ces sites. Le contenu des sites liés au site de Quemperven  n’engage que leurs propriétaires.</p><h2>Hébergeur</h2><p class="bodytext">OVH<br />SAS au capital de 10 000 000 €.<br />Siège social : 2, rue Kellermann 59100 Roubaix<br />Tel : 08 203 203 63</p><p class="bodytext">RCS : Roubaix – Tourcoing 424 761 419 00045<br />Code APE : 6202A<br />N° TVA : FR 22 424 761 419</p><h2>Contact</h2><p class="bodytext">Ecrire à l’administrateur : <a href="mailto:mairie.quemperven@wanadoo.fr">mairie.quemperven@wanadoo.fr</a></p>								</div>
				</div>
					</div>
		</div>
					</div>
		</section>
				</div>

<p>Mentions légales Editeur du site Mairie de Quemperven12 rue de la mairie22450 Quemperven Tél : 02 96 47 05 05 Directeur de la publication M. Le maire de Quemperven Responsable de l’accès aux documents administratifs et des questions relatives à la réutilisation des informations publiques Mme Trémel &#8211; 02 96 47 05 05 Respect de [&hellip;]</p>
